{"id":5589,"date":"2024-08-16T17:22:38","date_gmt":"2024-08-16T15:22:38","guid":{"rendered":"https:\/\/zanancorp.com\/?page_id=5589"},"modified":"2024-08-22T14:46:11","modified_gmt":"2024-08-22T12:46:11","slug":"pilotage-de-projet","status":"publish","type":"page","link":"https:\/\/zanancorp.com\/?page_id=5589","title":{"rendered":"Pilotage de projet"},"content":{"rendered":"\t\t<div data-elementor-type=\"wp-page\" data-elementor-id=\"5589\" class=\"elementor elementor-5589\">\n\t\t\t\t<div class=\"elementor-element elementor-element-b446f88 e-flex e-con-boxed e-con e-parent\" data-id=\"b446f88\" data-element_type=\"container\">\n\t\t\t\t\t<div class=\"e-con-inner\">\n\t\t\t\t<div class=\"elementor-element elementor-element-f2ef1e8 elementor-widget elementor-widget-text-editor\" data-id=\"f2ef1e8\" data-element_type=\"widget\" data-widget_type=\"text-editor.default\">\n\t\t\t\t<div class=\"elementor-widget-container\">\n\t\t\t\t\t\t\t\t\t<p>Notre service de Pilotage de Projets se distingue par son approche experte et sur-mesure, con\u00e7ue pour transformer vos id\u00e9es en r\u00e9alisations concr\u00e8tes. Nous mettons \u00e0 votre disposition une \u00e9quipe chevronn\u00e9e, sp\u00e9cialis\u00e9e dans l&rsquo;\u00e9laboration d&rsquo;architectures techniques et fonctionnelles robustes.<br \/>Notre engagement envers l&rsquo;excellence se refl\u00e8te dans notre capacit\u00e9 \u00e0 concevoir des plans de test rigoureux, \u00e0 r\u00e9diger des sp\u00e9cifications fonctionnelles d\u00e9taill\u00e9es, et \u00e0 orchestrer des plans de d\u00e9ploiement efficaces. En tant que partenaire strat\u00e9gique, nous nous investissons dans la r\u00e9ussite de vos projets, assurant une gestion proactive des risques et une optimisation des ressources.<br \/>Avec ZANAN CORPORATE, le Pilotage de Projets va au-del\u00e0 de la simple gestion des t\u00e2ches ; c&rsquo;est une collaboration continue visant \u00e0 garantir le succ\u00e8s de vos initiatives.<\/p>\t\t\t\t\t\t\t\t<\/div>\n\t\t\t\t<\/div>\n\t\t\t\t\t<\/div>\n\t\t\t\t<\/div>\n\t\t\t\t<\/div>\n\t\t","protected":false},"excerpt":{"rendered":"<p>Notre service de Pilotage de Projets se distingue par son approche experte et sur-mesure, con\u00e7ue pour transformer vos id\u00e9es en r\u00e9alisations concr\u00e8tes. Nous mettons \u00e0 votre disposition une \u00e9quipe chevronn\u00e9e, sp\u00e9cialis\u00e9e dans l&rsquo;\u00e9laboration d&rsquo;architectures techniques et fonctionnelles robustes.Notre engagement envers l&rsquo;excellence se refl\u00e8te dans notre capacit\u00e9 \u00e0 concevoir des plans de test rigoureux, \u00e0 r\u00e9diger&hellip;<\/p>\n","protected":false},"author":1,"featured_media":0,"parent":0,"menu_order":0,"comment_status":"closed","ping_status":"closed","template":"","meta":{"footnotes":""},"class_list":["post-5589","page","type-page","status-publish","hentry"],"_links":{"self":[{"href":"https:\/\/zanancorp.com\/index.php?rest_route=\/wp\/v2\/pages\/5589","targetHints":{"allow":["GET"]}}],"collection":[{"href":"https:\/\/zanancorp.com\/index.php?rest_route=\/wp\/v2\/pages"}],"about":[{"href":"https:\/\/zanancorp.com\/index.php?rest_route=\/wp\/v2\/types\/page"}],"author":[{"embeddable":true,"href":"https:\/\/zanancorp.com\/index.php?rest_route=\/wp\/v2\/users\/1"}],"replies":[{"embeddable":true,"href":"https:\/\/zanancorp.com\/index.php?rest_route=%2Fwp%2Fv2%2Fcomments&post=5589"}],"version-history":[{"count":7,"href":"https:\/\/zanancorp.com\/index.php?rest_route=\/wp\/v2\/pages\/5589\/revisions"}],"predecessor-version":[{"id":5689,"href":"https:\/\/zanancorp.com\/index.php?rest_route=\/wp\/v2\/pages\/5589\/revisions\/5689"}],"wp:attachment":[{"href":"https:\/\/zanancorp.com\/index.php?rest_route=%2Fwp%2Fv2%2Fmedia&parent=5589"}],"curies":[{"name":"wp","href":"https:\/\/api.w.org\/{rel}","templated":true}]}}