{"id":5583,"date":"2024-08-16T17:11:20","date_gmt":"2024-08-16T15:11:20","guid":{"rendered":"https:\/\/zanancorp.com\/?page_id=5583"},"modified":"2024-08-22T14:36:59","modified_gmt":"2024-08-22T12:36:59","slug":"assistance-a-maitrise-douvrage-et-a-maitrise-doeuvre","status":"publish","type":"page","link":"https:\/\/zanancorp.com\/?page_id=5583","title":{"rendered":"Assistance \u00e0 maitrise d&rsquo;ouvrage et \u00e0 maitrise d&rsquo;oeuvre"},"content":{"rendered":"\t\t<div data-elementor-type=\"wp-page\" data-elementor-id=\"5583\" class=\"elementor elementor-5583\">\n\t\t\t\t<div class=\"elementor-element elementor-element-0c80448 e-flex e-con-boxed e-con e-parent\" data-id=\"0c80448\" data-element_type=\"container\">\n\t\t\t\t\t<div class=\"e-con-inner\">\n\t\t\t\t<div class=\"elementor-element elementor-element-bda2a60 elementor-widget elementor-widget-text-editor\" data-id=\"bda2a60\" data-element_type=\"widget\" data-widget_type=\"text-editor.default\">\n\t\t\t\t<div class=\"elementor-widget-container\">\n\t\t\t\t\t\t\t\t\t<p>Notre expertise en Assistance \u00e0 Ma\u00eetrise d&rsquo;Ouvrage (AMOA) et Ma\u00eetrise d\u2019OEuvre (AMOE) constitue le socle de notre engagement envers votre r\u00e9ussite. Nous vous accompagnons depuis la conception jusqu&rsquo;\u00e0 la r\u00e9alisation concr\u00e8te de vos projets informatiques.<br>Que ce soit pour le d\u00e9veloppement de nouvelles applications, la mise en place de syst\u00e8mes d&rsquo;information innovants, ou encore l&rsquo;installation et la maintenance des \u00e9quipements<br>informatiques et t\u00e9l\u00e9communications, notre \u00e9quipe d\u00e9vou\u00e9e est \u00e0 vos c\u00f4t\u00e9s. Nous assurons une gestion proactive et m\u00e9ticuleuse, garantissant l&rsquo;efficacit\u00e9 op\u00e9rationnelle de vos solutions. Chez ZANAN CORPORATE, nous sommes bien plus qu&rsquo;un prestataire de services. Nous sommes les architectes de votre succ\u00e8s, travaillant main dans la main avec vous pour transformer vos id\u00e9es en r\u00e9sultats tangibles. Faites de nous votre partenaire privil\u00e9gi\u00e9 pour une gestion de projet informatique sans faille.<\/p>\t\t\t\t\t\t\t\t<\/div>\n\t\t\t\t<\/div>\n\t\t\t\t\t<\/div>\n\t\t\t\t<\/div>\n\t\t\t\t<\/div>\n\t\t","protected":false},"excerpt":{"rendered":"<p>Notre expertise en Assistance \u00e0 Ma\u00eetrise d&rsquo;Ouvrage (AMOA) et Ma\u00eetrise d\u2019OEuvre (AMOE) constitue le socle de notre engagement envers votre r\u00e9ussite. Nous vous accompagnons depuis la conception jusqu&rsquo;\u00e0 la r\u00e9alisation concr\u00e8te de vos projets informatiques.Que ce soit pour le d\u00e9veloppement de nouvelles applications, la mise en place de syst\u00e8mes d&rsquo;information innovants, ou encore l&rsquo;installation et&hellip;<\/p>\n","protected":false},"author":1,"featured_media":0,"parent":0,"menu_order":0,"comment_status":"closed","ping_status":"closed","template":"","meta":{"footnotes":""},"class_list":["post-5583","page","type-page","status-publish","hentry"],"_links":{"self":[{"href":"https:\/\/zanancorp.com\/index.php?rest_route=\/wp\/v2\/pages\/5583","targetHints":{"allow":["GET"]}}],"collection":[{"href":"https:\/\/zanancorp.com\/index.php?rest_route=\/wp\/v2\/pages"}],"about":[{"href":"https:\/\/zanancorp.com\/index.php?rest_route=\/wp\/v2\/types\/page"}],"author":[{"embeddable":true,"href":"https:\/\/zanancorp.com\/index.php?rest_route=\/wp\/v2\/users\/1"}],"replies":[{"embeddable":true,"href":"https:\/\/zanancorp.com\/index.php?rest_route=%2Fwp%2Fv2%2Fcomments&post=5583"}],"version-history":[{"count":10,"href":"https:\/\/zanancorp.com\/index.php?rest_route=\/wp\/v2\/pages\/5583\/revisions"}],"predecessor-version":[{"id":5686,"href":"https:\/\/zanancorp.com\/index.php?rest_route=\/wp\/v2\/pages\/5583\/revisions\/5686"}],"wp:attachment":[{"href":"https:\/\/zanancorp.com\/index.php?rest_route=%2Fwp%2Fv2%2Fmedia&parent=5583"}],"curies":[{"name":"wp","href":"https:\/\/api.w.org\/{rel}","templated":true}]}}